greatest common divisor of 631176 and 2730.
546
What is the highest common factor of 400 and 125?
25
What is the greatest common factor of 27 and 494505?
27
Calculate the highest common divisor of 1266 and 24.
6
What is the highest common factor of 855 and 2610?
45
What is the highest common divisor of 183 and 252479?
61
What is the greatest common factor of 6848 and 2016?
32
Calculate the highest common factor of 1704 and 2124.
12
Calculate the greatest common factor of 15873 and 555.
111
Calculate the highest common divisor of 64236 and 8268.
636
What is the greatest common divisor of 18 and 11878947?
9
What is the greatest common divisor of 57757 and 148?
37
Calculate the highest common divisor of 1800 and 49275.
225
What is the highest common factor of 3586 and 40750?
326
Calculate the greatest common divisor of 364 and 297570.
182
What is the highest common divisor of 2800 and 5012?
28
What is the greatest common divisor of 27818 and 182?
14
Calculate the greatest common factor of 199 and 115022.
199
What is the greatest common divisor of 58 and 21257?
29
What is the greatest common factor of 112 and 1321796?
28
Calculate the highest common divisor of 104 and 97474.
26
What is the greatest common divisor of 636 and 126405?
159
Calculate the greatest common divisor of 281865 and 345.
345
Calculate the greatest common divisor of 20016 and 1200.
48
Calculate the greatest common divisor of 9 and 12279.
3
What is the highest common factor of 156 and 785544?
12
What is the greatest common factor of 88175 and 10?
5
Calculate the greatest common divisor of 404 and 16463.
101
Calculate the greatest common divisor of 480051 and 198.
99
What is the greatest common factor of 68 and 467?
1
What is the highest common factor of 3988 and 6?
2
What is the greatest common divisor of 340493 and 119?
17
What is the highest common divisor of 105 and 20937?
21
What is the highest common factor of 28712 and 53576?
296
Calculate the highest common factor of 21209 and 668.
167
Calculate the highest common divisor of 117213 and 4829.
439
What is the highest common divisor of 99328 and 291?
97
Calculate the highest common divisor of 161 and 259.
7
What is the highest common factor of 14892 and 1020?
204
What is the highest common factor of 550 and 1232?
22
What is the highest common factor of 368 and 140829?
23
Calculate the greatest common divisor of 3806 and 1408.
22
Calculate the highest common factor of 273 and 45745.
7
What is the highest common divisor of 2 and 1742698?
2
Calculate the highest common divisor of 4113 and 10818.
9
What is the highest common divisor of 104 and 2022488?
104
What is the greatest common factor of 76145 and 13580?
485
Calculate the greatest common factor of 8901 and 135.
9
What is the highest common divisor of 55981 and 89?
89
What is the greatest common factor of 775183 and 17?
17
What is the greatest common factor of 88 and 54000?
8
What is the greatest common factor of 1420223 and 14?
7
Calculate the greatest common divisor of 32 and 112064.
32
What is the highest common divisor of 4883 and 28013?
257
Calculate the greatest common divisor of 2416 and 1359.
151
What is the greatest common divisor of 4875 and 140250?
375
Calculate the highest common factor of 272 and 962149.
17
What is the highest common factor of 84 and 1750?
14
Calculate the greatest common factor of 228 and 31540.
76
What is the highest common factor of 548736 and 96?
96
What is the greatest common factor of 78 and 1390857?
39
What is the greatest common divisor of 36646 and 511?
73
What is the greatest common divisor of 5900 and 1104775?
1475
What is the highest common divisor of 21714 and 1848?
462
What is the greatest common factor of 33 and 1959771?
33
Calculate the highest common factor of 56640 and 8.
8
What is the highest common factor of 342011 and 127?
127
Calculate the greatest common divisor of 466 and 29591.
233
What is the highest common divisor of 62115 and 1476?
123
Calculate the greatest common factor of 819 and 261989.
91
Calculate the highest common divisor of 116 and 258796.
116
Calculate the greatest common divisor of 27974 and 142.
142
Calculate the highest common divisor of 70 and 349930.
70
Calculate the highest common factor of 988344 and 259.
259
What is the highest common divisor of 618 and 407674?
206
Calculate the greatest common divisor of 591577 and 343.
49
What is the greatest common divisor of 624 and 4251?
39
What is the highest common factor of 40 and 1990?
10
Calculate the greatest common divisor of 558195 and 340.
85
Calculate the highest common factor of 138 and 364688.
46
Calculate the highest common factor of 318631 and 493.
17
Calculate the greatest common divisor of 254017 and 4571.
653
What is the highest common divisor of 144 and 2144?
16
Calculate the greatest common factor of 135907 and 207.
23
What is the highest common factor of 79 and 158237?
79
What is the greatest common divisor of 432 and 1648?
16
What is the highest common factor of 2664 and 54?
18
Calculate the highest common divisor of 10 and 385230.
10
What is the greatest common factor of 377 and 265421?
13
What is the greatest common factor of 27069 and 504?
21
Calculate the highest common divisor of 177 and 411.
3
Calculate the greatest common divisor of 818 and 766057.
409
Calculate the highest common divisor of 150 and 75125.
25
Calculate the highest common factor of 12209 and 59361.
421
What is the highest common factor of 260589 and 14?
7
Calculate the greatest common divisor of 336 and 3248.
112
What is the greatest common factor of 66845 and 290?
145
What is the highest common divisor of 5896 and 24?
8
Calculate the highest common divisor of 14558 and 67454.
58
What is the highest common divisor of 1226 and 2722946?
1226
What is the greatest common divisor of 3 and 87603?
3
Calculate the greatest common factor of 36994 and 53.
53
Calculate the greatest common divisor of 156 and 199407.
39
Calculate the highest common factor of 185 and 15133.
37
Calculate the greatest common factor of 3975 and 120681.
159
What is the greatest common factor of 3604031 and 3266?
1633
Calculate the highest common divisor of 30426 and 132.
66
What is the highest common divisor of 5763 and 85?
17
What is the greatest common factor of 196 and 99617?
49
What is the greatest common divisor of 1424 and 4806?
178
What is the highest common factor of 83467 and 191?
191
Calculate the greatest common factor of 114328 and 2766.
922
What is the highest common divisor of 24 and 29704?
8
What is the highest common divisor of 1218 and 406?
406
What is the greatest common divisor of 612621 and 63?
9
Calculate the greatest common divisor of 333 and 77535.
9
Calculate the highest common divisor of 6 and 34134.
6
What is the greatest common factor of 51070 and 1810?
10
What is the highest common factor of 59 and 457191?
59
Calculate the greatest common factor of 3024 and 10476.
108
What is the highest common factor of 4669 and 18009?
667
What is the greatest common divisor of 93 and 8897?
31
Calculate the greatest common factor of 4466 and 14650713.
2233
Calculate the highest common divisor of 4800 and 4.
4
Calculate the highest common factor of 18260 and 330.
110
Calculate the highest common factor of 53955 and 693.
99
Calculate the greatest common factor of 20365 and 5.
5
Calculate the highest common factor of 2961 and 783.
9
Calculate the highest common factor of 4456927 and 1571.
1571
What is the highest common divisor of 7548 and 8436?
444
Calculate the greatest common divisor of 45 and 3504.
3
What is the highest common factor of 5049 and 23936?
187
What is the highest common divisor of 165537 and 27?
27
Calculate the greatest common divisor of 6516 and 2090912.
724
Calculate the greatest common factor of 44874 and 144.
18
What is the greatest common factor of 915 and 386313?
183
What is the highest common divisor of 108 and 8802?
54
What is the highest common factor of 107113 and 5247?
53
Calculate the highest common factor of 210322 and 3403.
83
What is the highest common factor of 77198 and 121?
121
Calculate the highest common divisor of 312 and 6474.
78
What is the greatest common factor of 51 and 566389?
17
What is the highest common divisor of 329 and 2653?
7
Calculate t